60 and p?
16
Let r(m) = m**2 - 41*m - 129. Let v be r(64). Calculate the highest common divisor of v and 79.
79
Let l(z) = 15*z + 87. Let d be l(-5). Suppose 96 = 3*u - 5*g, -g - 114 = -3*u - 2*g. Let p = u + 47. Calculate the highest common factor of d and p.
12
Let o = -268 + 283. Calculate the greatest common factor of 45 and o.
15
Let t be ((-96)/(-18))/((-6)/(-27)). Suppose t*z = 30*z - 432. Calculate the highest common divisor of z and 24.
24
Suppose r = 5*r - z - 31, -5*z - 1 = 2*r. What is the highest common divisor of 28 and r?
7
Suppose -6*f + 156 = -3*f. Let c = f - 12. What is the greatest common divisor of c and 5?
5
Let q be ((-14)/3)/(42/(-63)). Let j(f) = -f**2 + 6*f + 3. Let a be j(6). Suppose 0 = a*u - 0*u - 147. Calculate the highest common factor of u and q.
7
Suppose 2038 - 6363 = -5*l - 3*r, 0 = 4*l + r - 3467. What is the highest common factor of l and 186?
62
Suppose 4*c = 9 + 3. Let v(i) = 15*i**2 + 8 + 11 + i**c - 8 + 13*i. Let a be v(-14). Calculate the highest common divisor of 200 and a.
25
Suppose 4*p - 8 = 0, 6 + 33 = -3*z - 3*p. Let j = 45 - z. Let i be (-7)/21 - (-92)/6. What is the greatest common factor of j and i?
15
Suppose 10*j + 43*j - 848 = 0. Let i = 33 - 17. What is the highest common divisor of i and j?
16
Suppose -4 + 34 = -5*w. Let x be -1*2*w/4. Suppose -31 = -0*s - 3*s + 4*j, -j + 41 = x*s. Calculate the greatest common divisor of s and 91.
13
Suppose -5 = 5*d, -4*d = -4*o + o + 139. Suppose -5*k + 150 = 5*w, -4*w - 5 = -13. Suppose -k + 82 = 3*s. What is the greatest common divisor of s and o?
9
Suppose -13*q - 261 = -547. What is the highest common divisor of q and 33?
11
Let l be 2/7 - (-9)/14*-2. Let a be (28/(-16))/(l/4). Calculate the greatest common factor of 7 and a.
7
Let d be 83 - ((-10)/8 - 46/(-184)). Calculate the greatest common divisor of d and 84.
84
Suppose -4*k + 379 = 107. Let y be 19 + 1*(2 - 4). What is the highest common factor of k and y?
17
Suppose 23*n - 20*n = 144. Suppose 9*a = 204 + n. What is the highest common divisor of a and 70?
14
Let i be 3771/315*5 + (-1)/(-7). Suppose 0 = 5*c - 4*y - 112, -3*c + 0*y = -y - 70. Calculate the highest common factor of c and i.
12
Let i be (-6)/42 - 129/(-21). Let u(g) = 2*g - 11. Let v be u(i). Suppose 0*j + j - 3*l + 5 = 0, l = 5*j - 45. What is the highest common divisor of j and v?
1
Suppose -5*c + 12 = -c. Let m = 228 - 219. What is the highest common factor of m and c?
3
Suppose -3*c = -792 - 699. What is the highest common factor of c and 7?
7
Let u(y) = 12*y + 5. Let g be u(4). Suppose -4*a = -3*l - g, -5*a + 4*l + 7 + 60 = 0. What is the highest common divisor of 99 and a?
11
Suppose 0 = 2*j + 4*p - 38, 27*j - p = 30*j - 32. What is the highest common divisor of 69 and j?
3
Let u(o) = o**3 - 21*o**2 - 45*o + 408. Let f be u(24). What is the greatest common factor of f and 66?
66
Let l(v) = -v**3 - 3*v**2 + v + 5. Let u be l(-3). Suppose 4*b - 30 = 2*d, 2*b - 6 - 12 = -2*d. Calculate the greatest common factor of u and b.
2
Let d = 749 - 734. Calculate the greatest common divisor of d and 5.
5
Suppose -18*t + 1554 = -12*t. Calculate the highest common factor of 111 and t.
37
Let r(t) = -t**3 + 18*t**2 + 24*t - 5. Let a be r(19). Let g be (-6)/4*(-100)/15. What is the highest common factor of g and a?
10
Suppose i - x - 64 = -4*x, -3*x = 2*i - 125. Suppose 66*p - i*p - 125 = 0. Calculate the highest common factor of 10 and p.
5
Let a(r) = -r. Let q be a(0). Suppose 0 = -7*f - q*f + 14. Calculate the highest common factor of f and 18.
2
Let g = 4 - 6. Let x be 25/2 + 1/g. Suppose 82*w - 5825 = 2047. What is the highest common factor of w and x?
12
Let c = 9 - 6. Suppose 4*m + 3*d = 84, -8*d + 6*d = -5*m + 105. Calculate the greatest common divisor of m and c.
3
Let w(q) = q**3 + 11*q**2 + 17*q - 2. Let k be w(-10). Let v = 100 + k. Calculate the greatest common factor of v and 21.
7
Suppose -85 = 19*s - 541. Calculate the highest common divisor of 56 and s.
8
Let r = 463 - -309. Let x be 14/(-49) - r/(-7). Suppose -2*n + 80 = -0*n - 2*t, -2*t = 2*n - 96. What is the greatest common factor of x and n?
22
Let f = 28 - 96. Let o = -37 - f. Suppose 2*r + 624 = 4*x, -2*r = -3*x + 154 + 315. Calculate the highest common factor of x and o.
31
Let j be 62 - 67 - (-75 + 2). Calculate the highest common divisor of 4 and j.
4
Let v be 1 - 3 - (-27 - -16). Let l(q) = q**3 - q**2 + q + 3. Let u be l(2). What is the greatest common divisor of u and v?
9
Let p(z) = z - 2. Let a be p(4). Suppose 34 - 124 = -a*q. Calculate the highest common divisor of q and 5.
5
Let n be (-16)/(-3)*(-14)/84*-135. Calculate the highest common divisor of 920 and n.
40
Let d = 595 + -301. Suppose 2497 + 443 = 5*z. Suppose 3*w = 4*p - z, p + d = 3*p - w. Calculate the highest common divisor of 21 and p.
21
Suppose 4*m = 10*m - 12. Let y(r) = -11*r**2 + 2*r + 0 - 1 + 3*r**3 + 10*r**m. Let x be y(2). Calculate the greatest common divisor of 23 and x.
23
Suppose -55 + 27 = -4*g. What is the highest common divisor of 63 and g?
7
Let z = 13 - 12. Let n(m) be the second derivative of 29*m**3/6 + m**2/2 + 2*m. Let q be n(z). Calculate the greatest common factor of 15 and q.
15
Let r = 13 + -3. Suppose 3*c - 2 = r. Let l = -21 + 29. Calculate the greatest common factor of l and c.
4
Suppose -5*n - 5 = 15, 3*n + 52 = -5*z. Let q be ((-22)/z)/(9/36). Let a = 91 - 58. What is the highest common divisor of a and q?
11
Let i be -1 - 187/(-170) - 12178/(-20). Calculate the highest common divisor of i and 63.
21
Let c(r) = 13*r - 8. Let h be c(5). Suppose 4*q = 7*q + 3*j - h, -2*j - 130 = -5*q. What is the highest common divisor of 4 and q?
4
Suppose 94*h - 248 = 86*h. What is the highest common factor of h and 2573?
31
Let n be 11 - (-1 - (1 + -3)). Suppose 8*u + 76 - 60 = 0. Let j = n - u. What is the highest common divisor of 24 and j?
12
Let v = 47 + -31. Calculate the greatest common divisor of 72 and v.
8
Let u = 736 - 688. What is the greatest common divisor of u and 18?
6
Let z = 626 - 592. What is the greatest common divisor of 306 and z?
34
Let h be 24/(-228) + (-1910)/(-95). Calculate the greatest common divisor of h and 46.
2
Let n be (37/(-13) - -3) + (-12738)/(-13). Calculate the highest common divisor of n and 20.
20
Suppose 2120 = -4*t + 8*t. Calculate the highest common factor of t and 10.
10
Suppose -2*i + i + z + 55 = 0, -3*z + 291 = 5*i. Suppose 5*o - 8 = i. Let u be ((-52)/6)/((-4)/24). Calculate the highest common factor of u and o.
13
Suppose 4*z - 48 = 176. Suppose 0 = 4*t + t - 35. Calculate the highest common divisor of t and z.
7
Suppose 2*b - 2 = 0, 355 = 3*r - 5*b - 105. What is the highest common divisor of r and 5?
5
Let s = -2212 - -2292. Suppose -2*u - l + 3*l = -202, 121 = u + 3*l. Let k = u - 74. What is the greatest common divisor of s and k?
16
Let t = -19 - -21. Let y be (9 - 6) + t + 0. What is the highest common divisor of y and 35?
5
Let p be (-62)/(-4) - 115/46. Suppose -5*n + 10*n - 5*b - 590 = 0, 4*b = -4. What is the highest common divisor of n and p?
13
Suppose 42 = 4*a - 38. What is the highest common factor of a and 190?
10
Suppose -w + 4 = 0, -6*z - 2*w + 104 = -2*z. Suppose m - 1 = 3. Let k be (-1 - (-2 + m)) + (2 - -97). Calculate the greatest common factor of k and z.
24
Let c = 166 + 289. What is the highest common factor of 195 and c?
65
Let f(p) = -p**3 - 9*p**2 - 16*p - 49. Let a be f(-14). What is the greatest common divisor of a and 210?
105
Suppose 0 = -349*q + 340*q + 72. What is the greatest common divisor of 136 and q?
8
Let d be (-3)/7 - (-7)/((-392)/(-192)). Suppose -d*n + 202 = -3*y + y, 3*n = -3*y + 207. What is the greatest common divisor of n and 34?
34
Let f = -158 - -170. Calculate the greatest common divisor of f and 3.
3
Let p be ((-4)/(-10))/(1/(-5)). Let t(u) = -2*u**3 - 2*u**2 - u - 1. Let y be t(p). What is the highest common factor of 36 and y?
9
Let m = -48 + 61. Suppose -3*w + 4*u = -130, 3 + m = -4*u. Calculate the highest common factor of 114 and w.
38
Let y be (460/25)/(4/10). What is the greatest common divisor of y and 2?
2
Suppose l = -l + 8. Suppose -2*c - 4*j = -52, c - 2*c + 8 = -l*j. Calculate the greatest common factor of 60 and c.
20
Let c(j) = j**2 - 9*j - 37. Let v be c(13). What i